*c**3 + 29*c**2 + 7*c - 2. Let w(h) = -61*h**3 + 41*h**2 + 10*h - 3. Let z(p) = 7*j(p) - 5*w(p). Determine z(2).
23
Let z(o) = -o**3 - 8*o**2 - 5*o - 6. Let p(r) = r**3 + 6*r**2 + 7*r + 26. Let m be p(-5). Suppose 0 = -g + 2*x + 3*x - 32, 3*g = -x - m. Calculate z(g).
-20
Let m(i) = -i**3 - 2*i**2 + 5*i + 4. Let s(p) = -p**3 + 14*p**2 + 12. Let v be s(14). Let u be (v/20)/((-5)/(-50)*-2). Give m(u).
-2
Let l = 71 + -75. Let x(y) be the first derivative of -4 + 12 - 14 - 16 - y**2. Calculate x(l).
8
Suppose 8*u = 13*u - 10. Let s be (2 - 4) + u - 1. Let m(a) = 13*a - 1. Calculate m(s).
-14
Let k(h) = -h**3 + 6*h**2 - 4*h - 5. Let s be 2648/(-12) + ((-110)/15 - -7). Let n = s + 226. Give k(n).
0
Suppose 2*h - 6 = 0, 4*k - 78 + 46 = -4*h. Let w(q) = q**3 - 3*q**2 - 18*q + 17. Let o be w(k). Let d(g) = g**3 + 24*g**2 + 22*g - 26. Give d(o).
-3
Let r(s) = 3*s**3 - 29*s**2 - 34*s + 59. Let d(i) = i**3 - i - 1. Let n(g) = 2*d(g) - r(g). Let w be n(30). Let b(o) = o**2. Calculate b(w).
1
Suppose 3*u = 2*d - 97, -98*d + 140 = -4*u - 94*d. Let w(l) = l**3 + 29*l**2 + 60*l + 155. Calculate w(u).
-7
Let r(p) = 20*p + 4 - 13*p - 12. Let k be r(7). Let s = k - 33. Let v(i) = -2*i + 10. Calculate v(s).
-6
Let i(x) = -4*x - 2 + 3*x + 20*x**2 - 52*x**2 + 3*x + 27*x**2. Give i(1).
-5
Let v be (-160)/40 - (0 + 0). Let k(i) be the first derivative of -i**4/4 - 4*i**3/3 - i + 40. Give k(v).
-1
Let s(v) be the third derivative of v**6/120 - v**5/2 + 5*v**4/4 - 5*v**3/6 + 1994*v**2. What is s(29)?
24
Let a(q) = q**2 + 1. Let k(s) = 8*s**2 - 25*s**2 - 8 + 2*s**3 + 3*s**3 - 6*s**3. Let d(v) = -5*a(v) - k(v). What is d(-12)?
3
Suppose 3*f + 7*q = 2*q + 40, -3*q + 20 = f. Suppose -i = f*i. Let d(g) = -10 - 1 - g - 2 - 1 - 9. Give d(i).
-23
Let b(x) = -12*x - 8. Let r(y) = y + 62. Let i be r(-66). Give b(i).
40
Let r(a) = -6*a + 78 + 122*a**3 - 50*a**3 - 37*a**3 - 11*a**2 - 34*a**3 - 11*a. Determine r(12).
18
Let l(z) = 17*z + 328. Let c be (4560/(-64))/(-15)*-4. What is l(c)?
5
Let a(d) = 8*d**3 - 12*d**2 + 6*d + 18. Let l(h) = -7*h**3 + 11*h**2 - 7*h - 16. Let b(j) = -6*a(j) - 7*l(j). What is b(4)?
40
Let n(o) = -3*o + 40. Let j(d) = -d**3 - 18*d**2 + 13*d - 103. Let c be j(-19). Calculate n(c).
7
Let p(f) = -f**3 + 4*f**2 - 40*f + 152. Let v be p(4). Let t(d) = -2*d + 5. Calculate t(v).
21
Let q(u) = -u**3 + 3*u**2 + 2*u + 7. Suppose 0 = -3*p - 5*k + 220, -5*p = 15*k - 11*k - 384. Suppose -28*n = -32 - p. Give q(n).
-1
Let p(k) = 91 + 44766*k - 22380*k + 173 + 60 - 22378*k. Calculate p(-42).
-12
Let t = -20 - -27. Let y(o) = -12 - 4*o - 3*o - t + 29 - 9. What is y(-1)?
8
Let b(n) = 19*n**2 - 37*n**2 + 23*n**2 + 1 - 6*n - n**3. Calculate b(2).
1
Let g(n) = -15*n**3 - 2*n**2 + n. Suppose 0 = -3*f + 3*r - r + 9, -2*r - 6 = 0. Give g(f).
-16
Let f(k) = 17*k - 9. Let a(t) = 21*t - 13. Let n(v) = 9*v - 6. Let i(g) = 4*a(g) - 7*n(g). Let h(o) = 5*f(o) - 4*i(o). Calculate h(6).
1
Let x(l) = -l**2 - 20*l - 24. Let d = -230 + 211. Calculate x(d).
-5
Let t(o) be the third derivative of -o**7/5040 + 7*o**6/720 - 47*o**5/15 + o**4/24 - 2*o**2 - 45. Let a(f) be the third derivative of t(f). What is a(-10)?
17
Suppose -2*j = a - 12, -2*a - 4 = -4*j + a. Let h(m) = -11*m + 5*m**2 - j*m**2 - 4*m + 17*m. Determine h(-1).
-1
Let k(t) be the second derivative of -5/6*t**3 + 5/2*t**2 + 117*t + 1/12*t**4 + 0. Give k(4).
1
Let q(k) = -8*k + 32. Let f be q(3). Suppose -5*m - u = -f*m - 17, -4*m - 5*u - 29 = 0. Let z(t) = -t**2 - 6*t - 2. Determine z(m).
-2
Let t(v) = -21*v**2 + 20*v + 106. Let i(b) = 4*b**2 - 4*b - 20. Let g(k) = 11*i(k) + 2*t(k). What is g(3)?
-2
Suppose -24*u = 6*u - 180. Let a(r) = 8 + 7 - 12*r + u + 6 - 25. Determine a(1).
-10
Let j(u) be the first derivative of -u**4/2 - 14*u**3 - u**2 - 40*u - 1499. What is j(-21)?
2
Let s(y) be the first derivative of y**3/3 - 6*y**2 + 18*y + 1143. Give s(9).
-9
Suppose -4*z = -15 - 41. Suppose 4 = z*g + 60. Let n(c) = c**2. Let x(a) = -2*a**2 + 3*a - 4. Let o(u) = 4*n(u) + x(u). What is o(g)?
16
Let u(y) = -40*y + 14*y + 12*y**2 + 11*y**2 + 17*y**2 + 149 - 39*y**2. What is u(10)?
-11
Suppose 3*a - 3*k - 24 = 0, 5*a - 52 = 2*k - k. Let g(p) = -3*p + 8 - p - a. What is g(-2)?
5
Let g(j) be the first derivative of j**4/4 - 28*j**3/3 - j**2/2 - 39*j + 1854. Give g(28).
-67
Let a(o) = 44*o**3 + 3*o**2 - 7*o - 5. Let q(g) = 15*g**3 - 2*g - 2. Let f(b) = 2*a(b) - 6*q(b). Calculate f(3).
-4
Let x be -11 - (1 - (5 + -3)). Let j be ((-12)/x)/(-3) + (-3172)/(-130). Let m(f) = j*f + 26*f - 49*f + 2. Give m(-9).
-7
Let z(m) = m**3 + 11*m**2 + 10*m - 8. Let t be (-62)/(-14) + (-148)/(-14) + -11. Suppose 5*n + 3*c = -4 - 55, -18 = 3*n - t*c. Give z(n).
-8
Let u(x) be the first derivative of -x**4/4 - 3*x**3 - 5*x**2/2 + 15*x + 7. Suppose 168 = 649*m - 670*m. Give u(m).
-9
Let p(b) = -2*b**3 - 63*b**2 + 32*b + 17. Let n be p(-32). Suppose 7*y + n = -11. Let h(o) = 4*o + 6. Give h(y).
-10
Suppose -198*o + 116 + 114 = -221*o. Let u(i) = -i**2 - 6*i + 40. Calculate u(o).
0
Let o(b) = -b**2 - 5*b - 2. Let y(p) = p**2 + 0*p**2 + 10 + 12 + 12*p. Let u(d) = -2*d**2 - 25*d + 4. Let m be u(-13). Let v be y(m). Give o(v).
-2
Suppose 69*o + 0*o = 276. Let p(w) = w**3 - w**2 - 2*w - 9. Give p(o).
31
Let p(t) be the first derivative of t**4/2 - t**3/3 + 3*t**2 + 4*t + 687. Determine p(3).
67
Let m(a) = 2*a**2 + a**2 + 0*a**2. Let u be m(-1). Let t(v) = 115*v + 48. Let n(d) = -129*d - 54. Let k(s) = -8*n(s) - 9*t(s). Give k(u).
-9
Suppose 0 = 5*v + 5*t + 5, -4*t - 2 = -2*v + 2. Let z(f) = f**2 - 501*f + f**2 + 500*f + v - 4. Determine z(3).
11
Let a be (2/(-5))/(3/(-315)). Suppose u - a + 43 = 0. Let n(r) = -20*r + 1. Determine n(u).
21
Let q(h) = 679 - 7*h - 675 + 12*h**2 - 9*h - h**3 - h. Determine q(10).
34
Let y(n) = 13*n**2 + n + 3. Let p(o) = -14*o**2 - o - 4. Let h be -1 + (-126)/56*14*2. Let a = 69 + h. Let u(t) = a*y(t) + 4*p(t). Give u(1).
9
Let u be 58/29 + (-2 - 2). Let s(x) be the second derivative of -2*x**3/3 + 12*x. Determine s(u).
8
Suppose -4*n - 3*f + 3 = -26, 0 = n + 4*f - 30. Let y(v) = 4*v**2 + 2. What is y(n)?
18
Let v(x) be the third derivative of 17*x**5/12 - 3*x**4/8 + 5*x**3/3 - 174*x**2 + 3*x - 1. Give v(1).
86
Let n(g) = -g**3 - 5*g**2 + 19*g + 12. Suppose 239 = -9*o + 167. Calculate n(o).
52
Let t(r) = -2 + 2 + 0 + 11*r - 16 + 35. What is t(-6)?
-47
Let s(c) be the second derivative of -c**4/12 + c**3/3 + c**2 + c. Let j = 18983 + -18978. What is s(j)?
-13
Let s be -3 + 54/10 - 8/20. Let p(n) = -294*n + 0*n**2 - 4 + 291*n - 2*n**s. Determine p(-3).
-13
Let r(j) = -j**2 + j + 11. Let p(t) = 17*t**2 - 136*t + 65. Let b(h) = p(h) - 7*r(h). Determine b(6).
-6
Let v(n) = n**2 + 7*n - 5. Suppose t = -120 + 120. Suppose -40 = 5*x - t. Determine v(x).
3
Let r(h) = -h**2 - 3*h - 3. Let p be (-1*86)/(11 + -13). Suppose -38 = -z - p. Give r(z).
-13
Let v = -156 + 154. Let l(f) = -10*f**2 - 2*f - 4. Determine l(v).
-40
Let k = -401 - -408. Let s(w) = -w**2 + 38. Calculate s(k).
-11
Let i(x) be the second derivative of -7*x**3/6 - 3*x**2/2 - 9*x + 39. Determine i(4).
-31
Let d(t) = -t**3 + 4*t**2 - t + 1. Let w be 91/(-49) - 1/7. Let c be 9*(-2)/(-10) + w/(-10). What is d(c)?
7
Let h(o) = -578 - 596 - o**2 + 3*o**2 + 5*o + o**3 + 5*o**2 + 1152. What is h(-7)?
-57
Let w(o) = -4 + 7 - 2 + 0. Let z be (2/6*-3)/1. Let v(p) = -p - 2. Let a(j) = z*v(j) - 4*w(j). Give a(3).
1
Let i = -150 - -156. Let l(x) = 4 - 3 - x**2 - i*x**2 + 3*x**2. Determine l(-1).
-3
Let s(b) = 27*b**2 - 218*b + 10. Let g be s(8). Let l(c) = 3*c**2 + 22*c + 21. Give l(g).
-3
Let p(l) = 30*l - 102. Let v be (14/238)/(23/1564). Calculate p(v).
18
Let j be ((-9)/(-24))/(588/(-1029) + 206/336). Let s(i) = -i**2 - 4*i - 4. Calculate s(j).
-121
Let q(m) = m**3 + 3*m**2 - 2*m. Let h(p) = -2*p**2 + 24*p - 38. Let k be h(11). Let v be (0 + k/10)/(106/265). Calculate q(v).
-8
Let h be (-1)/((-20)/(-50) + (-66)/90). Let g(r) = -2*r**3 + 6*r**2 - 4*r + 7. Calculate g(h).
-5
Let d be 9/((-27)/(-12)) - (-1 - -5). Let c(w) = -27 + 4*w - 5*w + 2*w. What is c(d)?
-27
Let v(o) be the first derivative of o**3/3 + 6*o**2 + 29*o + 13. Let d be v(-9). Let r(b) = -955*b - b**d + 955*b. What is r(0)?
0
Let s(l) = -172*l - 42. Let q(g) = -103*g - 25. Let o(v) = 5*q(v) - 3*s(v). Let j be 5 + -1 + 0/